{"id":164,"date":"2022-06-30T10:02:10","date_gmt":"2022-06-30T08:02:10","guid":{"rendered":"http:\/\/wushuelorn.fr\/?page_id=164"},"modified":"2024-09-06T12:35:24","modified_gmt":"2024-09-06T10:35:24","slug":"disciplines","status":"publish","type":"page","link":"https:\/\/wushuelorn.fr\/?page_id=164","title":{"rendered":"Art Externe"},"content":{"rendered":"\n<h2 class=\"wp-block-heading\">Wushu Elorn propose le cours du Kungfu Famille qui tisse le lien fort entre les parents et les enfants.<\/h2>\n\n\n\n<p>L&#8217;encha\u00eenement du base est Wu Bu Quan (la boxe des cinq postures), sauts, coups de pied, coups de poing. <\/p>\n\n\n\n<p>Vid\u00e9o de l&#8217;\u00e9l\u00e8ves de premi\u00e8re ann\u00e9e r\u00e9alis\u00e9e au Troph\u00e9e du Dragon organis\u00e9 \u00e0 Brest par la FFAEMC ( F\u00e9d\u00e9ration Fran\u00e7aise des Arts Energ\u00e9tiques et Martiaux Chinois ) et l&#8217;\u00e9cole Wushu Brest  en Mai 2024<\/p>\n\n\n\n<p><\/p>\n\n\n\n<figure class=\"wp-block-video\"><video height=\"480\" style=\"aspect-ratio: 848 \/ 480;\" width=\"848\" controls src=\"http:\/\/wushuelorn.fr\/wp-content\/uploads\/2024\/09\/VID-20240830-WA0000.mp4\"><\/video><\/figure>\n\n\n\n<h2 class=\"wp-block-heading\"><\/h2>\n","protected":false},"excerpt":{"rendered":"<p>Wushu Elorn propose le cours du Kungfu Famille qui tisse le lien fort entre les parents et les enfants. L&#8217;encha\u00eenement du base est Wu Bu Quan (la boxe des cinq postures), sauts, coups de pied, coups de poing. Vid\u00e9o de l&#8217;\u00e9l\u00e8ves de premi\u00e8re ann\u00e9e r\u00e9alis\u00e9e au Troph\u00e9e du Dragon organis\u00e9 \u00e0 Brest par la FFAEMC &hellip; <\/p>\n<p class=\"link-more\"><a href=\"https:\/\/wushuelorn.fr\/?page_id=164\" class=\"more-link\">Continue reading<span class=\"screen-reader-text\"> &#8220;Art Externe&#8221;<\/span><\/a><\/p>\n","protected":false},"author":1,"featured_media":0,"parent":0,"menu_order":0,"comment_status":"closed","ping_status":"closed","template":"","meta":{"footnotes":""},"class_list":["post-164","page","type-page","status-publish","hentry"],"yoast_head":"<!-- This site is optimized with the Yoast SEO plugin v19.8 - https:\/\/yoast.com\/wordpress\/plugins\/seo\/ -->\n<title>Art Externe - Wushu Elorn<\/title>\n<meta name=\"robots\" content=\"index, follow, max-snippet:-1, max-image-preview:large, max-video-preview:-1\" \/>\n<link rel=\"canonical\" href=\"https:\/\/wushuelorn.fr\/?page_id=164\" \/>\n<meta property=\"og:locale\" content=\"en_US\" \/>\n<meta property=\"og:type\" content=\"article\" \/>\n<meta property=\"og:title\" content=\"Art Externe - Wushu Elorn\" \/>\n<meta property=\"og:description\" content=\"Wushu Elorn propose le cours du Kungfu Famille qui tisse le lien fort entre les parents et les enfants. L&#8217;encha\u00eenement du base est Wu Bu Quan (la boxe des cinq postures), sauts, coups de pied, coups de poing. Vid\u00e9o de l&#8217;\u00e9l\u00e8ves de premi\u00e8re ann\u00e9e r\u00e9alis\u00e9e au Troph\u00e9e du Dragon organis\u00e9 \u00e0 Brest par la FFAEMC &hellip; Continue reading &quot;Art Externe&quot;\" \/>\n<meta property=\"og:url\" content=\"https:\/\/wushuelorn.fr\/?page_id=164\" \/>\n<meta property=\"og:site_name\" content=\"Wushu Elorn\" \/>\n<meta property=\"article:publisher\" content=\"https:\/\/www.facebook.com\/WushuElorn\/\" \/>\n<meta property=\"article:modified_time\" content=\"2024-09-06T10:35:24+00:00\" \/>\n<meta name=\"twitter:card\" content=\"summary_large_image\" \/>\n<meta name=\"twitter:label1\" content=\"Est. reading time\" \/>\n\t<meta name=\"twitter:data1\" content=\"1 minute\" \/>\n<script type=\"application\/ld+json\" class=\"yoast-schema-graph\">{\"@context\":\"https:\/\/schema.org\",\"@graph\":[{\"@type\":\"WebPage\",\"@id\":\"https:\/\/wushuelorn.fr\/?page_id=164\",\"url\":\"https:\/\/wushuelorn.fr\/?page_id=164\",\"name\":\"Art Externe - Wushu Elorn\",\"isPartOf\":{\"@id\":\"https:\/\/wushuelorn.fr\/#website\"},\"datePublished\":\"2022-06-30T08:02:10+00:00\",\"dateModified\":\"2024-09-06T10:35:24+00:00\",\"breadcrumb\":{\"@id\":\"https:\/\/wushuelorn.fr\/?page_id=164#breadcrumb\"},\"inLanguage\":\"en-US\",\"potentialAction\":[{\"@type\":\"ReadAction\",\"target\":[\"https:\/\/wushuelorn.fr\/?page_id=164\"]}]},{\"@type\":\"BreadcrumbList\",\"@id\":\"https:\/\/wushuelorn.fr\/?page_id=164#breadcrumb\",\"itemListElement\":[{\"@type\":\"ListItem\",\"position\":1,\"name\":\"Accueil\",\"item\":\"https:\/\/wushuelorn.fr\/\"},{\"@type\":\"ListItem\",\"position\":2,\"name\":\"Art Externe\"}]},{\"@type\":\"WebSite\",\"@id\":\"https:\/\/wushuelorn.fr\/#website\",\"url\":\"https:\/\/wushuelorn.fr\/\",\"name\":\"Wushu Elorn\",\"description\":\"Pays de Landerneau Daoulas\",\"publisher\":{\"@id\":\"https:\/\/wushuelorn.fr\/#organization\"},\"potentialAction\":[{\"@type\":\"SearchAction\",\"target\":{\"@type\":\"EntryPoint\",\"urlTemplate\":\"https:\/\/wushuelorn.fr\/?s={search_term_string}\"},\"query-input\":\"required name=search_term_string\"}],\"inLanguage\":\"en-US\"},{\"@type\":\"Organization\",\"@id\":\"https:\/\/wushuelorn.fr\/#organization\",\"name\":\"Wushu Elorn\",\"url\":\"https:\/\/wushuelorn.fr\/\",\"sameAs\":[\"https:\/\/www.facebook.com\/WushuElorn\/\"],\"logo\":{\"@type\":\"ImageObject\",\"inLanguage\":\"en-US\",\"@id\":\"https:\/\/wushuelorn.fr\/#\/schema\/logo\/image\/\",\"url\":\"https:\/\/wushuelorn.fr\/wp-content\/uploads\/2022\/06\/wushuLogo.jpeg\",\"contentUrl\":\"https:\/\/wushuelorn.fr\/wp-content\/uploads\/2022\/06\/wushuLogo.jpeg\",\"width\":768,\"height\":711,\"caption\":\"Wushu Elorn\"},\"image\":{\"@id\":\"https:\/\/wushuelorn.fr\/#\/schema\/logo\/image\/\"}}]}<\/script>\n<!-- \/ Yoast SEO plugin. -->","yoast_head_json":{"title":"Art Externe - Wushu Elorn","robots":{"index":"index","follow":"follow","max-snippet":"max-snippet:-1","max-image-preview":"max-image-preview:large","max-video-preview":"max-video-preview:-1"},"canonical":"https:\/\/wushuelorn.fr\/?page_id=164","og_locale":"en_US","og_type":"article","og_title":"Art Externe - Wushu Elorn","og_description":"Wushu Elorn propose le cours du Kungfu Famille qui tisse le lien fort entre les parents et les enfants. L&#8217;encha\u00eenement du base est Wu Bu Quan (la boxe des cinq postures), sauts, coups de pied, coups de poing. Vid\u00e9o de l&#8217;\u00e9l\u00e8ves de premi\u00e8re ann\u00e9e r\u00e9alis\u00e9e au Troph\u00e9e du Dragon organis\u00e9 \u00e0 Brest par la FFAEMC &hellip; Continue reading \"Art Externe\"","og_url":"https:\/\/wushuelorn.fr\/?page_id=164","og_site_name":"Wushu Elorn","article_publisher":"https:\/\/www.facebook.com\/WushuElorn\/","article_modified_time":"2024-09-06T10:35:24+00:00","twitter_card":"summary_large_image","twitter_misc":{"Est. reading time":"1 minute"},"schema":{"@context":"https:\/\/schema.org","@graph":[{"@type":"WebPage","@id":"https:\/\/wushuelorn.fr\/?page_id=164","url":"https:\/\/wushuelorn.fr\/?page_id=164","name":"Art Externe - Wushu Elorn","isPartOf":{"@id":"https:\/\/wushuelorn.fr\/#website"},"datePublished":"2022-06-30T08:02:10+00:00","dateModified":"2024-09-06T10:35:24+00:00","breadcrumb":{"@id":"https:\/\/wushuelorn.fr\/?page_id=164#breadcrumb"},"inLanguage":"en-US","potentialAction":[{"@type":"ReadAction","target":["https:\/\/wushuelorn.fr\/?page_id=164"]}]},{"@type":"BreadcrumbList","@id":"https:\/\/wushuelorn.fr\/?page_id=164#breadcrumb","itemListElement":[{"@type":"ListItem","position":1,"name":"Accueil","item":"https:\/\/wushuelorn.fr\/"},{"@type":"ListItem","position":2,"name":"Art Externe"}]},{"@type":"WebSite","@id":"https:\/\/wushuelorn.fr\/#website","url":"https:\/\/wushuelorn.fr\/","name":"Wushu Elorn","description":"Pays de Landerneau Daoulas","publisher":{"@id":"https:\/\/wushuelorn.fr\/#organization"},"potentialAction":[{"@type":"SearchAction","target":{"@type":"EntryPoint","urlTemplate":"https:\/\/wushuelorn.fr\/?s={search_term_string}"},"query-input":"required name=search_term_string"}],"inLanguage":"en-US"},{"@type":"Organization","@id":"https:\/\/wushuelorn.fr\/#organization","name":"Wushu Elorn","url":"https:\/\/wushuelorn.fr\/","sameAs":["https:\/\/www.facebook.com\/WushuElorn\/"],"logo":{"@type":"ImageObject","inLanguage":"en-US","@id":"https:\/\/wushuelorn.fr\/#\/schema\/logo\/image\/","url":"https:\/\/wushuelorn.fr\/wp-content\/uploads\/2022\/06\/wushuLogo.jpeg","contentUrl":"https:\/\/wushuelorn.fr\/wp-content\/uploads\/2022\/06\/wushuLogo.jpeg","width":768,"height":711,"caption":"Wushu Elorn"},"image":{"@id":"https:\/\/wushuelorn.fr\/#\/schema\/logo\/image\/"}}]}},"_links":{"self":[{"href":"https:\/\/wushuelorn.fr\/index.php?rest_route=\/wp\/v2\/pages\/164","targetHints":{"allow":["GET"]}}],"collection":[{"href":"https:\/\/wushuelorn.fr\/index.php?rest_route=\/wp\/v2\/pages"}],"about":[{"href":"https:\/\/wushuelorn.fr\/index.php?rest_route=\/wp\/v2\/types\/page"}],"author":[{"embeddable":true,"href":"https:\/\/wushuelorn.fr\/index.php?rest_route=\/wp\/v2\/users\/1"}],"replies":[{"embeddable":true,"href":"https:\/\/wushuelorn.fr\/index.php?rest_route=%2Fwp%2Fv2%2Fcomments&post=164"}],"version-history":[{"count":6,"href":"https:\/\/wushuelorn.fr\/index.php?rest_route=\/wp\/v2\/pages\/164\/revisions"}],"predecessor-version":[{"id":674,"href":"https:\/\/wushuelorn.fr\/index.php?rest_route=\/wp\/v2\/pages\/164\/revisions\/674"}],"wp:attachment":[{"href":"https:\/\/wushuelorn.fr\/index.php?rest_route=%2Fwp%2Fv2%2Fmedia&parent=164"}],"curies":[{"name":"wp","href":"https:\/\/api.w.org\/{rel}","templated":true}]}}